What is the tens digit of 21338?
3
What is the units digit of 14741?
1
What is the thousands digit of 28129?
8
What is the tens digit of 245?
4
What is the ten thousands digit of 66778?
6
What is the hundreds digit of 399?
3
What is the thousands digit of 3250?
3
What is the thousands digit of 54340?
4
What is the tens digit of 334?
3
What is the tens digit of 51384?
8
What is the units digit of 41304?
4
What is the thousands digit of 28985?
8
What is the hundreds digit of 26603?
6
What is the ten thousands digit of 16879?
1
What is the thousands digit of 2594?
2
What is the hundreds digit of 62827?
8
What is the units digit of 3695?
5
What is the tens digit of 8660?
6
What is the tens digit of 2003?
0
What is the units digit of 2288?
8
What is the ten thousands digit of 33062?
3
What is the units digit of 16312?
2
What is the hundreds digit of 22150?
1
What is the tens digit of 34405?
0
What is the thousands digit of 2389?
2
What is the units digit of 2791?
1
What is the hundreds digit of 5928?
9
What is the tens digit of 117797?
9
What is the thousands digit of 194170?
4
What is the tens digit of 551?
5
What is the units digit of 16875?
5
What is the units digit of 3104?
4
What is the tens digit of 918?
1
What is the hundreds digit of 28003?
0
What is the units digit of 25970?
0
What is the units digit of 8721?
1
What is the tens digit of 5185?
8
What is the thousands digit of 6510?
6
What is the hundreds digit of 32825?
8
What is the ten thousands digit of 93712?
9
What is the tens digit of 18374?
7
What is the hundreds digit of 29181?
1
What is the units digit of 21275?
5
What is the hundreds digit of 572?
5
What is the ten thousands digit of 11243?
1
What is the thousands digit of 1771?
1
What is the hundreds digit of 17684?
6
What is the tens digit of 25659?
5
What is the thousands digit of 54732?
4
What is the thousands digit of 44064?
4
What is the units digit of 564?
4
What is the units digit of 12387?
7
What is the units digit of 2451?
1
What is the units digit of 664?
4
What is the tens digit of 714?
1
What is the units digit of 31214?
4
What is the hundreds digit of 4232?
2
What is the units digit of 705?
5
What is the hundreds digit of 2110?
1
What is the tens digit of 13430?
3
What is the thousands digit of 19612?
9
What is the tens digit of 876?
7
What is the tens digit of 173?
7
What is the thousands digit of 13291?
3
What is the thousands digit of 163987?
3
What is the thousands digit of 2556?
2
What is the thousands digit of 53960?
3
What is the tens digit of 708?
0
What is the hundreds digit of 2466?
4
What is the hundreds digit of 443?
4
What is the hundreds digit of 604?
6
What is the thousands digit of 39536?
9
What is the hundreds digit of 5549?
5
What is the hundreds digit of 17216?
2
What is the ten thousands digit of 50368?
5
What is the units digit of 7549?
9
What is the tens digit of 1691?
9
What is the thousands digit of 15792?
5
What is the thousands digit of 38382?
8
What is the units digit of 11932?
2
What is the ten thousands digit of 25515?
2
What is the thousands digit of 5192?
5
What is the ten thousands digit of 26278?
2
What is the hundreds digit of 44328?
3
What is the thousands digit of 9029?
9
What is the units digit of 119642?
2
What is the hundreds digit of 39316?
3
What is the thousands digit of 9841?
9
What is the thousands digit of 1956?
1
What is the hundreds digit of 10699?
6
What is the units digit of 37816?
6
What is the hundreds digit of 83399?
3
What is the hundreds digit of 5313?
3
What is the tens digit of 2244?
4
What is the tens digit of 59692?
9
What is the units digit of 2254?
4
What is the hundreds digit of 1811?
8
What is the hundred thousands digit of 167884?
1
What is the hundreds digit of 11156?
1
What is the hundreds digit of 801?
8
What is the units digit of 4183?
3
What is the hundreds digit of 47570?
5
What is the hundreds digit of 928?
9
What is the thousands digit of 1669?
1
What is the hundreds digit of 1054?
0
What is the thousands digit of 3232?
3
What is the hundreds digit of 5437?
4
What is the tens digit of 1052?
5
What is the tens digit of 113586?
8
What is the ten thousands digit of 32016?
3
What is the units digit of 1035?
5
What is the units digit of 19562?
2
What is the hundreds digit of 1128?
1
What is the thousands digit of 8303?
8
What is the units digit of 47029?
9
What is the tens digit of 26112?
1
What is the hundreds digit of 23861?
8
What is the hundreds digit of 42283?
2
What is the hundreds digit of 9051?
0
What is the thousands digit of 13618?
3
What is the tens digit of 731?
3
What is the tens digit of 322?
2
What is the units digit of 2413?
3
What is the hundreds digit of 366?
3
What is the hundred thousands digit of 102694?
1
What is the thousands digit of 7087?
7
What is the thousands digit of 47257?
7
What is the hundreds digit of 3042?
0
What is the hundreds digit of 1520?
5
What is the ten thousands digit of 14436?
1
What is the thousands digit of 2408?
2
What is the tens digit of 1492?
9
What is the tens digit of 87118?
1
What is the hundreds digit of 87908?
9
What is the units digit of 803?
3
What is the units digit of 154?
4
What is the units digit of 3515?
5
What is the units digit of 550?
0
What is the thousands digit of 5605?
5
What is the tens digit of 8218?
1
What is the units digit of 4154?
4
What is the units digit of 117095?
5
What is the hundreds digit of 666?
6
What is the ten thousands digit of 38942?
3
What is the ten thousands digit of 50732?
5
What is the thousands digit of 57533?
7
What is the hundreds digit of 3041?
0
What is the ten thousands digit of 27132?
2
What is the tens digit of 14308?
0
What is the units digit of 1738?
8
What is the tens digit of 706?
0
What is the ten thousands digit of 13398?
1
What is the hundreds digit of 830?
8
What is the units digit of 6101?
1
What is the thousands digit of 76150?
6
What is the tens digit of 95886?
8
What is the hundreds digit of 72592?
5
What is the units digit of 57943?
3
What is the tens digit of 864?
6
What is the hundreds digit of 1399?
3
What is the tens digit of 744?
4
What is the units digit of 1040?
0
What is the ten thousands digit of 19180?
1
What is the hundreds digit of 35686?
6
What is the tens digit of 1781?
8
What is the units digit of 4790?
0
What is the tens digit of 73775?
7
What is the units digit of 130655?
5
What is the tens digit of 2493?
9
What is the units digit of 541?
1
What is the tens digit of 4100?
0
What is the hundreds digit of 2413?
4
What is the hundreds digit of 68414?
4
What is the hundreds digit of 18785?
7
What is the hundreds digit of 1668?
6
What is the tens digit of 16188?
8
What is the thousands digit of 19674?
9
What is the thousands digit of 67357?
7
What is the thousands digit of 17775?
7
What is the units digit of 13479?
9
What is the hundreds digit of 4632?
6
What is the hundreds digit of 694?
6
What is the ten thousands digit of 44867?
4
What is the hundreds digit of 2237?
2
What is the tens digit of 62209?
0
What is the units digit of 1274?
4
What is the hundreds digit of 146687?
6
What is the tens digit of 4950?
5
What is the tens digit of 294?
9
What is the thousands digit of 2464?
2
What is the thousands digit of 6976?
6
What is the units digit of 6709?
9
What is the units digit of 984?
4
What is the units digit of 20525?
5
What is the hundreds digit of 15450?
4
What is the hundreds digit of 59961?
9
What is the tens digit of 50909?
0
What is the tens digit of 38633?
3
What is the tens digit of 36944?
4
What is the thousands digit of 36528?
6
What is the thousands digit of 1172?
1
What is the units digit of 14736?
6
What is the ten thousands digit of 43926?
4
What is the ten thousands digit of 29080?
2
What is the units digit of 8654?
4
What is the tens digit of 302?
0
What is the units digit of 1378?
8
What is the tens digit of 531?
3
What is the thousands digit of 10335?
0
What is the hundreds digit of 69291?
2
What is the hundreds digit of 990?
9
What is the thousands digit of 40568?
0
What is the units digit of 47466?
6
What is the units digit of 3712?
2
What is the ten thousands digit of 90449?
9
What is the hundreds digit of 37161?
1
What is the thousands digit of 1910?
1
What is the tens digit of 41314?
1
What is the